29*g + 34. Calculate the remainder when 207 is divided by c(-8).
9
Suppose -59*y + 54*y = 8640. What is the remainder when 57 is divided by (1*-1)/((-6)/(y/(-9)))?
25
Let c(m) = -20*m - 17. Let q(p) = 3*p - 50. Let h be q(16). What is the remainder when c(h) is divided by 2*2*(-21)/(-14)?
5
Suppose -f = j - 5, 5*j = -4*f - 9 + 30. What is the remainder when 28/6*33/11 is divided by j?
0
Let d = 23 - 58. Suppose 336 = -4*m + 112. Let f = d - m. Calculate the remainder when f is divided by 6.
3
Let c be -6 + (1 + 5 - -9). What is the remainder when 134 is divided by 27*(-6 + 69/c)?
44
Let x(v) be the first derivative of -v**4/4 - 2*v**3/3 + 11*v - 14. Let i be x(-4). Let r = 95 - i. What is the remainder when r is divided by 19?
14
Let v = -10 - -26. Suppose 0 = 54*a - 321 + 51. What is the remainder when v is divided by a?
1
Let f = 51 + -32. Suppose 111216 = 310*x + 5225 + 12061. What is the remainder when x is divided by f?
18
Calculate the remainder when 21/2*((-21320)/(-287) - -28) is divided by 72.
66
What is the remainder when (5 - -4) + (-351472)/(-22) is divided by 15?
10
Suppose -3*q + 558 = -3*u, -3*q - 56*u + 55*u + 602 = 0. Calculate the remainder when q is divided by (-2)/(-6) - (-316)/6.
38
Let x = 9981 + -9363. What is the remainder when x is divided by 29?
9
Suppose 45*u = -24*u + 300307 - 99586. Calculate the remainder when u is divided by 10.
9
Let i = 1 + 3. What is the remainder when (i - 10) + -4 + 497 is divided by 35?
32
Suppose -4*n - 5*t - 405 = 0, t = -n + 3*n + 199. Let y = 136 + n. Calculate the remainder when 49 is divided by y.
13
Let u = -28 + 31. Suppose 136 = -u*f - 8. Let h = f - -122. What is the remainder when h is divided by 15?
14
Let i = 34 - 64. Calculate the remainder when (-1460)/(-25) - i/50 is divided by 10.
9
Let h be 17670/(-85) + (-10)/85. Let y = -169 - h. What is the remainder when 111 is divided by y?
33
Suppose -4*u + 323 + 322 = -x, 4*x + 660 = 4*u. Suppose 53*p = 48*p + u. What is the remainder when p is divided by 6?
2
Let y = -611 - -1502. Let t = y + -873. Calculate the remainder when 53 is divided by t.
17
Let a(p) = 16*p**2 + 12*p + 6. What is the remainder when a(0) is divided by ((-6)/(-9) - -1)*3?
1
Let y(z) = 2*z + z**2 + 10333 + 5*z**2 - 10318. Calculate the remainder when y(-4) is divided by 21.
19
Let x(d) = -13*d + 636. What is the remainder when x(36) is divided by 75?
18
Let s(a) = 121*a**2 - 3*a - 2. Let q be (-25 + 29)/((-2)/(-1)). Suppose 2*o = -4*u + 8 + q, -5*o = 5*u - 10. What is the remainder when s(o) is divided by 26?
18
Let t = 3810 - 3193. What is the remainder when t is divided by 40?
17
Let o(h) = -13*h - 357. What is the remainder when o(-40) is divided by 5?
3
Let q = -92 - -215. Let b(f) = -2*f + 46. Let g be b(21). Calculate the remainder when q is divided by (6/g)/((-12)/(-248)).
30
Suppose -2*f + 4*h + 106 = 0, 4*f - 72*h + 73*h = 239. Suppose 0 = -68*v + f*v + 333. What is the remainder when (2 - 31 - 0)*-5 is divided by v?
34
Suppose 4 = -f + 2*n + 177, -876 = -5*f - n. What is the remainder when f is divided by 6?
1
Suppose -39*k = -22*k - 4471. Let b(q) = 2*q**3 + 6*q**2 + q + 6. Let p be b(7). Suppose -10*d - k = -p. What is the remainder when d is divided by 19?
16
Let c(a) = -3*a**2 + 24*a + 24. Let u be c(9). Calculate the remainder when (-365)/(-40) + u/24 is divided by 4.
1
Let o = -13955 + 14690. What is the remainder when o is divided by 37?
32
Let u = -110 - -98. Let i(f) = -f + 6. Calculate the remainder when 48 is divided by i(u).
12
Let r(t) = 287*t + 39. Let v be r(-1). What is the remainder when 42 is divided by (-3 - -1)/16 + (-2759)/v?
9
Let z(q) = 160*q - 17872. Calculate the remainder when -1*2/(-2) + 80 is divided by z(112).
33
Let z(o) = -3*o**2 - 120*o + 59. Calculate the remainder when z(-40) is divided by (-2 - -17)*35/15.
24
What is the remainder when (46 - 53)/(1/(-180)) is divided by 158?
154
Let j = -73 + 80. Suppose -4*z = 3*t - 181, -12*t - 4*z = -10*t - 126. Calculate the remainder when t is divided by j.
6
Let j = -1572 - -1615. What is the remainder when 299 is divided by j?
41
Calculate the remainder when (-20)/((-16)/4) - 2372*(2 + -3) is divided by 85.
82
Let q = 10694 + -10675. What is the remainder when 2482 is divided by q?
12
What is the remainder when 6429/5 + 203/1015 is divided by 642?
2
Suppose 3*y = 7*y + n - 11, y - 2*n = 5. Suppose -2*t - 180 + 536 = 5*i, -y*t - i = -547. What is the remainder when t is divided by 23?
22
Suppose -89*c - 3911 = -35061. What is the remainder when 700 is divided by c?
0
Suppose 8*l - 3 = -59. Calculate the remainder when 58 is divided by (-11)/(l/21*1).
25
Suppose 22*m - 68 = 20. Let r(c) = c**2 + 10*c - 21. Let k be r(-12). Suppose -k*a + 109 - m = 0. Calculate the remainder when 67 is divided by a.
32
Suppose -m - j + 68 = 0, j = m - 6*m + 356. Calculate the remainder when 228 is divided by m.
12
What is the remainder when 6 + (2 - 6) + -7 - (-1101 - 2) is divided by 22?
20
Suppose 2*u + 18 = 5*w, u - 6*u = 4*w + 12. Suppose w*r = -5*i + 16, 7 = 46*i - 44*i + r. Calculate the remainder when 40 is divided by i.
0
Let b(y) = 10*y**2 + 4*y - 2. Let o(v) = -2*v + 1. Let l be o(-11). What is the remainder when (l/(-2))/((-7)/42) is divided by b(1)?
9
Suppose 2*n + 20 = 5*f, 3*f + 2 + 2 = -2*n. Suppose 50 - 4 = f*p. Calculate the remainder when 66 is divided by p.
20
Suppose 63*h + 36736 = 350*h. Let d(l) = 22*l. What is the remainder when h is divided by d(2)?
40
Let o = 101 - -447. Suppose 0 = h - 549 + o. Calculate the remainder when 9 is divided by h.
0
Let z be 4*(-6)/8 - 1*-5. Suppose -z*b + 5*t + 81 = 0, -b + 0*b = -5*t - 33. Calculate the remainder when b is divided by 10.
8
Let k = 56 + -56. Suppose k = -j, -3*w + 3358 = 2*j - 3191. Suppose 16*f - w - 1609 = 0. What is the remainder when f is divided by 48?
45
Let s(b) = 19*b + 45 - 55*b + 21 - 17*b**2 + 19*b**2. What is the remainder when s(17) is divided by (55/(-10))/((-1)/2)?
10
What is the remainder when ((-90)/(-24))/(36/19536) is divided by 24?
19
Let g(a) = 2*a**2 - 1659*a - 9963. Calculate the remainder when 146 is divided by g(-6).
20
What is the remainder when 130 is divided by ((-10)/(-25))/(18/4320)?
34
Suppose 374*w + 6005 - 8912 - 7939 = 0. What is the remainder when 4436 is divided by w?
28
Let u(i) = -45*i - 337. Let r be u(-16). Let v = r + -112. Calculate the remainder when v is divided by 17.
16
Suppose 2*q - 29 = -3*f, 4*f - 155*q + 158*q - 38 = 0. What is the remainder when 1020 is divided by f?
8
Suppose -4*f + 3*z = -40, -4*f - 7 = 2*z - 27. Suppose -f*v + 576 = 11*v. Calculate the remainder when 96 is divided by v.
0
Let a = 810 - 786. Suppose 13*f - 17*f = -132. What is the remainder when f is divided by a?
9
Let b(l) = 38*l. Let k be b(-1). Suppose 6*f + 523 - 43 = 0. Let c = k - f. Calculate the remainder when c is divided by 9.
6
Let t = -130 - -126. Calculate the remainder when 80 is divided by (1 - -2)/(t*6/(-264)).
14
Let v be ((-6)/4)/((-15)/10) - 9. Let t be (3 + (-14)/12*3)*v. Suppose -3*u = -3*n + 72, -u = -5*n - t*u + 96. What is the remainder when 208 is divided by n?
19
Suppose 0*u = -u + 5*s + 25, 0 = 5*u + 2*s - 287. Calculate the remainder when 274 is divided by u.
54
Let a(v) = 40*v + 40. Let p be a(2). Suppose -4*y = x - 120, 2*x + p = 13*y - 9*y. What is the remainder when 387 is divided by y?
27
Let u be 699 - 1 - (-1)/1. Let m = 726 - u. Calculate the remainder when 120 is divided by m.
12
Let f(x) = -x**2 + 28. Let t be f(-9). Let n be t/(-3) - (-22)/66. Calculate the remainder when 2488/n + 4/(-18) is divided by 14.
12
Suppose 0 = -4*j + 104 + 128. What is the remainder when j is divided by (64/12)/(400/750)?
8
Let o(l) = -l**3 - 25*l**2 + 24*l - 50. Let p be o(-26). Let n be (-2)/(3 + (p - 6)). Calculate the remainder when 49 is divided by n/5 + 249/15.
15
Let q = -356 - -363. Suppose -41*o - 90 = -46*o. What is the remainder when o is divided by q?
4
Calculate the remainder when (-2)/(8 + (-872)/108) is divided by 3.
0
Let d(h) = -h**3 - 22*h**2 - 138*h - 2378. What is the remainder when d(-21) is divided by 41?
38
Let n = -27044 - -30388. What is the remainder when n is divided by 1669?
6
Let y(x) = x**3 - 9*x**2 + 8*x + 10. Let s(v) = -v**2 + 9*v - 12. Let w be s(5). 